 - 10*i = 2*g - 30, 33 = 5*g - 3*i. Suppose 800 = -7*p + g*p. What are the prime factors of p?
2, 5
Let j be -282*(-2 + (-8)/(-6)). Suppose -68 = 14*w - 48*w. Suppose -4*l + 0*l = w*c - 82, 2*l - j = -4*c. List the prime factors of c.
7
Let w(t) = 307*t - 533. What are the prime factors of w(22)?
6221
Let a(v) = -v**2 + 4*v + 7. Let u be a(5). Let m(n) = 12 + n + 4*n**u - 11*n**2 - n**3 + 7*n. List the prime factors of m(-8).
2, 3
Let d(k) = -3*k**2 + 19*k + 17. Let v be d(7). List the prime factors of (-4299)/(-11) + v + 12/66.
2, 197
Let q(f) = 66*f**2 + 16*f + 55. Let d be (3/(-5))/(18/90). What are the prime factors of q(d)?
601
Suppose 40*i - 45*i + 133501 - 10971 = 0. List the prime factors of i.
2, 12253
Let y = 209 + -267. Let o = y + 254. What are the prime factors of o?
2, 7
Suppose 4*h = -3*v + 3176, -4*v - v - 1588 = -2*h. Let d = h - 516. List the prime factors of d.
2, 139
Suppose 0*v + v = 0. Suppose -116*y + 3177 = -6567. Suppose 0 = m - v*m - y. List the prime factors of m.
2, 3, 7
Let z be ((-1360 - 2) + 1)/1*-19. Suppose -26*w = 1445 - z. List the prime factors of w.
3, 313
Suppose -7*n = n - 3*n. Suppose n = 4*v + 136 + 52. Let z = v + 61. What are the prime factors of z?
2, 7
Let i(m) = -m**2 - 94*m + 29. Let a(n) = -46*n + 15. Let q(d) = 11*a(d) - 6*i(d). List the prime factors of q(-18).
3, 11
Let x(c) = -6*c - 27*c + 9*c - 131*c - 1. Let m be x(-1). Let y = m + -21. What are the prime factors of y?
7, 19
Suppose 16*t - 34 = -t. Suppose t*k + 1017 = 1179. What are the prime factors of k?
3
Suppose 987 = 287*t - 290*t. Let a = t + 544. List the prime factors of a.
5, 43
Suppose 16*y - 17*y = -3. Let l(m) = -10 + 11*m + 17*m - y*m - 3*m. List the prime factors of l(13).
2, 3, 23
Let t(h) = 1572*h**2 + h. Let o be t(1). Let m = o + -895. Suppose 3*l = -3*l + m. List the prime factors of l.
113
Let i(u) = u + 105. Let y(w) = w**3 - 15*w**2 - 22. Let z be y(15). What are the prime factors of i(z)?
83
Suppose -9*a - 13 = -8*a - 4*h, h = 5*a + 27. List the prime factors of 6 + 4290/6 + a.
2, 179
Let x = 15223 + -8398. List the prime factors of x.
3, 5, 7, 13
Suppose 245 + 35 = a + 4*b, 3*b = 4*a - 1177. Let p = 466 - a. Let h = -100 + p. List the prime factors of h.
2, 37
Suppose 2*t - 77*c = -75*c - 3140, -4*c - 7886 = 5*t. Let r = 2293 + t. List the prime factors of r.
719
Let m be 4 + 3450 + 0 + (4 - 0). Suppose 67*a - 74*a = -m. What are the prime factors of a?
2, 13, 19
Let s = 16140 + -9372. What are the prime factors of s?
2, 3, 47
Let k be 0/27 - (0 - 311). Suppose -2*m - y + k = 0, -148 = -m - 3*y + 4*y. Let z = 232 - m. What are the prime factors of z?
79
Let h be 3 + ((-2)/4)/((-3)/6). Suppose h*b = -0*b. Suppose -3*f + 240 = -b*f. List the prime factors of f.
2, 5
Suppose -38*o + 25 = 5*h - 41*o, -o - 9 = -2*h. Suppose 4*d + 5*l = 3558, h*l - 3552 = d - 5*d. List the prime factors of d.
887
Let j = 11071 - 3453. List the prime factors of j.
2, 13, 293
Let q(p) = 6*p**2 + 4*p + 2. Let o be q(-1). What are the prime factors of (-1)/(-4) - ((-145049)/o)/31?
2, 3, 5, 13
Let j(q) = 2229*q + 460. What are the prime factors of j(3)?
7, 1021
Suppose 6*h = -296 - 64. Let o = 1185 - h. What are the prime factors of o?
3, 5, 83
Let w(r) = 16*r + 134. Let i be w(-8). Suppose i*g = 1559 + 505. What are the prime factors of g?
2, 43
Let u(z) = 497*z - 1. Let w be u(1). Let b be (-6)/8*20/45*0. Suppose b = -5*t + 7*t - w. List the prime factors of t.
2, 31
Suppose -r = 3*d - 2*r + 37, 0 = d + 3*r + 19. List the prime factors of d/((-715)/22) + (-3883)/(-5).
3, 7, 37
Let h be ((-8)/(-12))/((-6)/(-207)). Let l(b) = 5*b - h*b + 37*b + 4. What are the prime factors of l(3)?
61
Let p(w) = -w**3 - 13*w**2 + 15*w + 35. Let f be -9 - 3/6*(2 - -2). Let b(t) = -t**2 - 8*t + 19. Let i be b(f). List the prime factors of p(i).
3, 7
Suppose 8*r - 38 = -54. Let n = 0 - 2. What are the prime factors of (3 - (-51 - r)) + n?
2, 5
Suppose 60*j + 41*j = 899864 + 691694. What are the prime factors of j?
2, 7879
Suppose 7*j - 7 + 0 = 0. Let m = 29 - j. Suppose p = d + 39, -4*d = 5*p - 131 - m. What are the prime factors of p?
5, 7
Let x(b) = -29*b**3 + 2*b**2 + 4. Let p be x(-3). What are the prime factors of (0/(-3))/(-8) + p?
5, 7, 23
Suppose 5*l = 2*n + 4232, 10*l - 10580 = 5*n + 13*l. What are the prime factors of n/(-6) - 4/6?
2, 11
What are the prime factors of 6/4*2906470/105?
41521
Suppose 13*n - 48 = n. Suppose -f + 880 - 4112 = -n*a, 0 = 2*a - 4*f - 1602. List the prime factors of a.
809
Suppose 5*h = -2*o + 70859, 14*h = -3*o + 11*h + 106311. List the prime factors of o.
2, 3, 11, 179
Suppose -122 = i - 144. Suppose 25*j - 1728 = i*j. List the prime factors of j.
2, 3
List the prime factors of (3581/(-3))/(12/(-144)*4).
3581
Let w = 792 + -558. Suppose -4*a - w = -7*a. Let l = 194 - a. List the prime factors of l.
2, 29
Suppose j - 6*j + 4*t + 112 = 0, 5*j + 3*t - 91 = 0. Suppose -j*u = 708 - 5688. What are the prime factors of u?
3, 83
Suppose 27 - 11 = 2*y - 2*m, 5*m = 3*y - 30. Suppose -u = -3*h + 172, y*h + 6*u - 280 = u. List the prime factors of h.
3, 19
Let h(z) = 3*z**3 - 8*z**2 + 24*z - 26. Let p(g) = g. Let m(f) = h(f) - 4*p(f). What are the prime factors of m(7)?
751
Let d = -423 - -399. What are the prime factors of (-5 - 136/d)*246?
2, 41
Let c = -390 - -392. Suppose -4*v + 2*d + 3494 = 0, -32*v + c*d = -34*v + 1732. List the prime factors of v.
13, 67
Let g(c) = -c**3 + 16*c**2 + 179*c + 8. What are the prime factors of g(23)?
2, 211
Let t = -10 - -21. Suppose 3*r + t = -13. List the prime factors of (-5)/(-3)*14 - r/12.
2, 3
Suppose -128*p + 1172028 = 69*p - 65*p. List the prime factors of p.
13, 683
Suppose 3*a + 82 = -4*m + 5*a, 3*m + 94 = -5*a. Let t(z) be the first derivative of -z**2/2 + 24*z - 5. List the prime factors of t(m).
47
Let h = -183 + 182. List the prime factors of 4/6*h - 2242/(-6).
373
Let u = -530 - -488. What are the prime factors of (-56)/(3*u/117 + 1)?
2, 7, 13
List the prime factors of (25/(1750/(-728)))/((-2)/45).
2, 3, 13
Suppose -2*o = o - 4*o. Suppose -5*f = -q - 485, o*f = 5*f - 2*q - 490. Suppose 0 = -12*k + 6*k + f. What are the prime factors of k?
2
Suppose b - 100 = -2*k + 5*b, -5*k = -3*b - 229. Let h = -16 + k. Let x = h - -95. What are the prime factors of x?
3, 41
Let y(n) = 3*n**2 + 3*n - 2. Let b be y(-2). Suppose 150 - 166 = b*q. Let z(l) = -2*l**3 + 4*l**2 + 2*l - 1. List the prime factors of z(q).
3, 61
Let h = 210 - 200. Let n = 6 - -8. Suppose 0 = -n*v + h*v + 252. What are the prime factors of v?
3, 7
Let z(q) = 7*q**2 - 5*q - 27. Let r be z(-4). List the prime factors of 1*(170184/r - 2/(-10)).
1621
What are the prime factors of (-87)/4*((-824)/6 - -12)?
2, 29, 47
Let x = -5191 + 8981. Suppose -13*q + x = -331. What are the prime factors of q?
317
Let x = 271 - 266. Let p(t) = 150*t - 196. List the prime factors of p(x).
2, 277
Suppose -11 = -2*q - 1. Suppose 3*p - q*v = -7, -2*v - v + 2 = -4*p. List the prime factors of (-2)/(-4)*(-4 - (-39 - p)).
2, 3
Let z = -2408 + 7043. List the prime factors of z.
3, 5, 103
Let y = 11246 - 7677. What are the prime factors of y?
43, 83
What are the prime factors of (-12)/(71 - -1) - -1*82634/12?
2, 11, 313
Suppose 23*m - 18*m - 20 = 0. Suppose -4*v - v - 310 = 4*n, n = -5*v - 295. What are the prime factors of (28/m - 6)/((-1)/v)?
2, 29
Suppose -1 = 2*k + 5*l - 6, 2*k + 3 = 3*l. Suppose 0 = -5*r - k*d - 5*d + 2895, 1730 = 3*r - 4*d. List the prime factors of r.
2, 17
Let j be 4 + 574*(0 - -2)/2. Suppose -33*c + j = -31*c. What are the prime factors of c?
17
Suppose 195*b - 39171 = 190*b + 2*o, -3*o = -5*b + 39169. What are the prime factors of b?
5, 1567
Let i(z) = z**3 - 6*z**2 - 21*z + 100. Let g be i(7). Suppose 5*d - q = 5267, -35*d = -40*d + g*q + 5269. List the prime factors of d.
3, 13
Let n(b) = 11572*b - 35 - 32*b**2 + b**3 - 11619*b - 5*b**2. What are the prime factors of n(39)?
2, 587
Suppose -3*u + 800 = 5*u. Suppose 9*o - 4*x = 7*o + u, -5*x = -o + 62. What are the prime factors of o?
2, 3, 7
Suppose 7364*j + 29776 = 7380*j. List the prime factors of j.
1861
List the prime factors of (-8*17/(-136))/(2/23910).
3, 5, 797
Suppose -3*c - 3*g = -73488, -21*g + 122464 = 12*c - 7*c. List the prime factors of c.
11, 17, 131
Let w be 